{"id":1061,"date":"2023-11-22T13:27:35","date_gmt":"2023-11-22T12:27:35","guid":{"rendered":"http:\/\/lesbruyres.local\/?page_id=1061"},"modified":"2025-07-26T18:12:00","modified_gmt":"2025-07-26T17:12:00","slug":"juridische-informatie","status":"publish","type":"page","link":"https:\/\/lesbruyeresdecarnac.com\/nl_nl_formal\/juridische-informatie\/","title":{"rendered":"Juridische informatie"},"content":{"rendered":"<div data-elementor-type=\"wp-page\" data-elementor-id=\"1061\" class=\"elementor elementor-1061\" data-elementor-post-type=\"page\">\n\t\t\t\t<div class=\"elementor-element elementor-element-41407ab e-con-full e-flex e-con e-parent\" data-id=\"41407ab\" data-element_type=\"container\" data-e-type=\"container\" data-settings=\"{&quot;background_background&quot;:&quot;classic&quot;}\">\n\t\t<div class=\"elementor-element elementor-element-42af250 e-con-full e-flex e-con e-child\" data-id=\"42af250\" data-element_type=\"container\" data-e-type=\"container\">\n\t\t\t\t<div class=\"elementor-element elementor-element-bb752b7 elementor-widget elementor-widget-text-editor\" data-id=\"bb752b7\" data-element_type=\"widget\" data-e-type=\"widget\" data-widget_type=\"text-editor.default\">\n\t\t\t\t<div class=\"elementor-widget-container\">\n\t\t\t\t\t\t\t\t\t<h1>Wettelijke kennisgeving - Bruy\u00e8res de Carnac<\/h1><h2>1 - De site bewerken<\/h2><p>In overeenstemming met <strong><a href=\"https:\/\/www.legifrance.gouv.fr\/affichTexte.do?cidTexte=JORFTEXT000000801164#LEGIARTI000042038977\" target=\"_blank\" rel=\"noreferrer noopener\">Artikel 6 van wet nr. 2004-575 van 21 juni 2004<\/a><\/strong> voor het vertrouwen in de digitale economie, worden gebruikers van de website hierbij ge\u00efnformeerd dat <a href=\"https:\/\/lesbruyeresdecarnac.com\/nl_nl_formal\"><strong>https:\/\/lesbruyeresdecarnac.com\/<\/strong><\/a> de identiteit van de verschillende partijen die betrokken zijn bij de implementatie en controle:<\/p><p><strong>Site eigenaar : <\/strong><\/p><p>- Contact: <br \/>contact@camping-lesbruyeres.com 0297523057<\/p><p>- Adres: <br \/>Camping Les Bruy\u00e8res de Carnac<br \/>Plaats dit Kerogile<br \/>56340 Carnac<br \/>Frankrijk.<\/p><p><strong>Bedrijfsidentificatie :<\/strong><\/p><p>SAS met een aandelenkapitaal van \u20ac10.000<\/p><p>- SIREN :<\/p><p>- RCS of RM: Lorient B 480 546 845<\/p><p>- Postadres:<br \/>Camping Les Bruy\u00e8res de Carnac<br \/>Plaats dit Kerogile<br \/>56340 Carnac<br \/>Frankrijk.<br \/><a href=\"https:\/\/lesbruyeresdecarnac.com\/wp-content\/uploads\/2021\/07\/2021.cgv_.fr_.pdf\"><strong>ALGEMENE VOORWAARDEN<\/strong><\/a><\/p><p><strong>Directeur publicatie :<\/strong><\/p><p>Chrystelle Ricordeau<br \/>Contact: contact@camping-lesbruyeres.com<\/p><p><strong>Gehost door :<\/strong><\/p><p>LWS<br \/>4, REGIO GALVANI<br \/>75838 PARIJS CEDEX<br \/>FRANKRIJK<br \/>01 77 62 30 03<\/p><p><strong>Functionaris voor gegevensbescherming : <\/strong><\/p><p>Chrystelle Ricordeau - contact@camping-lesbruyeres.com<\/p><p><strong>Andere medewerkers :<\/strong><\/p><h3>Aanmaken van de website<\/h3><p>Iconisch-digitaal<br \/>Tel: +33 7.49.31.13.92<br \/>E-mail : contact@iconic-digital.fr<br \/>Website : <strong><a href=\"http:\/\/www.iconic-digital.fr\">www.iconic-digital.fr<\/a><\/strong><\/p><p>\u00a0<\/p><h2>2 - Intellectueel eigendom en namaak.<\/h2><p>Les Bruy\u00e8res de Carnac is eigenaar van de intellectuele eigendomsrechten en heeft de rechten op het gebruik van alle elementen die toegankelijk zijn op de website, met name de teksten, afbeeldingen, grafieken, logo's, video's, architectuur, pictogrammen en geluiden.<\/p><p>Elke reproductie, representatie, wijziging, publicatie, aanpassing van alle of een deel van de elementen van de site, ongeacht het gebruikte middel of proces, is verboden, tenzij met de voorafgaande schriftelijke toestemming van Christelle Ricordeau.<\/p><p>Elk ongeoorloofd gebruik van de site of een van de elementen die deze bevat, zal worden beschouwd als een inbreuk en zal worden vervolgd in overeenstemming met de bepalingen van de artikelen <a href=\"https:\/\/www.legifrance.gouv.fr\/affichCodeArticle.do?idArticle=LEGIARTI000032655082&amp;cidTexte=LEGITEXT000006069414&amp;dateTexte=20160605\" target=\"_blank\" rel=\"noreferrer noopener\"><strong>L.335-2 e.v. van de Franse wet op intellectueel eigendom<\/strong><\/a>.<\/p><h2>3 - Beperking van aansprakelijkheid.<\/h2><p>Les Bruy\u00e8res de Carnac kan niet aansprakelijk worden gesteld voor directe of indirecte schade aan de apparatuur van de gebruiker bij toegang tot de site. <a href=\"https:\/\/lesbruyeresdecarnac.com\/nl_nl_formal\"><strong>https:\/\/lesbruyeresdecarnac.com\/<\/strong><\/a>.<\/p><p>Les Bruy\u00e8res de Carnac is niet verantwoordelijk voor het gebruik van de informatie en inhoud op deze website. <a href=\"https:\/\/lesbruyeresdecarnac.com\/nl_nl_formal\"><strong>https:\/\/lesbruyeresdecarnac.com\/<\/strong><\/a>.<\/p><p>Les Bruy\u00e8res de Carnac zet zich in om de site zo veilig mogelijk te maken <a href=\"https:\/\/lesbruyeresdecarnac.com\/nl_nl_formal\"><strong>https:\/\/lesbruyeresdecarnac.com\/<\/strong><\/a>Het kan echter niet aansprakelijk worden gesteld als ongewenste gegevens worden ge\u00efmporteerd en ge\u00efnstalleerd op zijn site zonder zijn medeweten.<\/p><p>Interactieve delen (contact of commentaar) zijn beschikbaar voor gebruikers. behoudt zich het recht voor om zonder voorafgaande kennisgeving inhoud te verwijderen die in dit deel is geplaatst en die in strijd is met de wetgeving die van toepassing is in Frankrijk, in het bijzonder de bepalingen met betrekking tot gegevensbescherming.<\/p><p>Indien van toepassing behoudt het bedrijf zich ook het recht voor om de gebruiker civiel- en\/of strafrechtelijk aansprakelijk te stellen, met name in het geval van racistische, beledigende, lasterlijke of pornografische berichten, ongeacht het gebruikte medium (tekst, foto's, enz.).<\/p><h2>4 - CNIL en beheer van persoonsgegevens.<\/h2><p>In overeenstemming met de bepalingen van <strong><a href=\"https:\/\/www.legifrance.gouv.fr\/affichTexte.do?cidTexte=JORFTEXT000000886460\" target=\"_blank\" rel=\"noreferrer noopener\">Wet 78-17 van 6 januari 1978, zoals gewijzigd<\/a><\/strong>de gebruiker van de <a href=\"https:\/\/lesbruyeresdecarnac.com\/nl_nl_formal\"><strong>https:\/\/lesbruyeresdecarnac.com\/<\/strong><\/a> heeft het recht om de verzamelde gegevens in te zien, te wijzigen en te verwijderen. Om dit recht uit te oefenen, stuurt u een bericht naar onze functionaris voor gegevensbescherming: <strong>Chrystelle Ricordeau<\/strong> &#8211; <strong>contact@camping-lesbruyeres.com<\/strong>.<\/p><h2>5 - Hyperlinks en cookies<\/h2><p>De website <strong><a href=\"http:\/\/https:\/\/lesbruyeresdecarnac.com\/\">https:\/\/lesbruyeresdecarnac.com\/<\/a><\/strong> bevat hyperlinks naar andere sites en aanvaardt geen verantwoordelijkheid voor deze externe links of voor links die door andere sites naar <a href=\"http:\/\/https:\/\/lesbruyeresdecarnac.com\/\"><strong>https:\/\/lesbruyeresdecarnac.com\/<\/strong><\/a>.<\/p><p>De site doorbladeren <a href=\"https:\/\/lesbruyeresdecarnac.com\/nl_nl_formal\"><strong>https:\/\/lesbruyeresdecarnac.com\/<\/strong><\/a> kan ervoor zorgen dat cookies op de computer van de gebruiker worden ge\u00efnstalleerd.<\/p><p>Een \"cookie\" is een klein bestandje dat informatie registreert over het surfen van een gebruiker op een site. De gegevens die op deze manier worden verkregen, kunnen bijvoorbeeld worden gebruikt om bezoekersaantallen te meten.<\/p><p>U kunt <strong>cookies accepteren of weigeren<\/strong> door uw browserinstellingen te wijzigen. Er worden geen cookies geplaatst zonder uw toestemming.<\/p><p>Cookies worden maximaal \u00e9\u00e9n maand bewaard.<\/p><h2>6 - Toepasselijk recht en jurisdictie.<\/h2><p>Elk geschil met betrekking tot het gebruik van de site <a href=\"https:\/\/lesbruyeresdecarnac.com\/nl_nl_formal\"><strong>https:\/\/lesbruyeresdecarnac.com\/<\/strong><\/a> valt onder het Franse recht. Behalve in gevallen waarin de wet dit niet toestaat, zijn uitsluitend bevoegd de bevoegde rechtbanken van <strong>Lorient<\/strong>.<\/p>\t\t\t\t\t\t\t\t<\/div>\n\t\t\t\t<\/div>\n\t\t\t\t<\/div>\n\t\t\t\t<\/div>\n\t\t\t\t<\/div>","protected":false},"excerpt":{"rendered":"<p>Verhuur van stacaravans en vakantiewoningen in Carnac - Ongewoon verblijf in Carnac<br \/>\nLes Pirates in Carnac - Camping Les Bruy\u00e8res de Carnac Baie de Quiberon Morbihan Bretagne Sud Frankrijk<\/p>","protected":false},"author":1,"featured_media":7,"parent":0,"menu_order":0,"comment_status":"closed","ping_status":"open","template":"","meta":{"_acf_changed":false,"inline_featured_image":false,"footnotes":""},"categories":[],"tags":[],"class_list":["post-1061","page","type-page","status-publish","has-post-thumbnail","hentry"],"acf":[],"yoast_head":"<!-- This site is optimized with the Yoast SEO plugin v27.4 - https:\/\/yoast.com\/product\/yoast-seo-wordpress\/ -->\n<title>Mentions l\u00e9gales Camping Les Bruy\u00e8res de Carnac 4*<\/title>\n<meta name=\"description\" content=\"Mentions l\u00e9gales - Camping Les Bruy\u00e8res de Carnac 4* dans le Golfe du Morbihan, en Baie de Quiberon, Bretagne Sud, France - Camping Carnac\" \/>\n<meta name=\"robots\" content=\"index, follow, max-snippet:-1, max-image-preview:large, max-video-preview:-1\" \/>\n<link rel=\"canonical\" href=\"https:\/\/lesbruyeresdecarnac.com\/nl_nl_formal\/juridische-informatie\/\" \/>\n<meta property=\"og:locale\" content=\"nl_NL\" \/>\n<meta property=\"og:type\" content=\"article\" \/>\n<meta property=\"og:title\" content=\"Mentions l\u00e9gales Camping Les Bruy\u00e8res de Carnac 4*\" \/>\n<meta property=\"og:description\" content=\"Mentions l\u00e9gales - Camping Les Bruy\u00e8res de Carnac 4* dans le Golfe du Morbihan, en Baie de Quiberon, Bretagne Sud, France - Camping Carnac\" \/>\n<meta property=\"og:url\" content=\"https:\/\/lesbruyeresdecarnac.com\/nl_nl_formal\/juridische-informatie\/\" \/>\n<meta property=\"og:site_name\" content=\"Les Bruyeres de carnac\" \/>\n<meta property=\"article:publisher\" content=\"https:\/\/www.facebook.com\/Camping.les.Bruyeres.Carnac\" \/>\n<meta property=\"article:modified_time\" content=\"2025-07-26T17:12:00+00:00\" \/>\n<meta property=\"og:image\" content=\"https:\/\/lesbruyeresdecarnac.com\/wp-content\/uploads\/2023\/11\/NEW-LOGO-4-PIRATES-e1715868270390.jpg\" \/>\n\t<meta property=\"og:image:width\" content=\"1024\" \/>\n\t<meta property=\"og:image:height\" content=\"1024\" \/>\n\t<meta property=\"og:image:type\" content=\"image\/jpeg\" \/>\n<meta name=\"twitter:card\" content=\"summary_large_image\" \/>\n<meta name=\"twitter:label1\" content=\"Verwachte leestijd\" \/>\n\t<meta name=\"twitter:data1\" content=\"4 minuten\" \/>\n<script type=\"application\/ld+json\" class=\"yoast-schema-graph\">{\"@context\":\"https:\\\/\\\/schema.org\",\"@graph\":[{\"@type\":\"WebPage\",\"@id\":\"https:\\\/\\\/lesbruyeresdecarnac.com\\\/mentions-legales\\\/\",\"url\":\"https:\\\/\\\/lesbruyeresdecarnac.com\\\/mentions-legales\\\/\",\"name\":\"Mentions l\u00e9gales Camping Les Bruy\u00e8res de Carnac 4*\",\"isPartOf\":{\"@id\":\"https:\\\/\\\/lesbruyeresdecarnac.com\\\/#website\"},\"primaryImageOfPage\":{\"@id\":\"https:\\\/\\\/lesbruyeresdecarnac.com\\\/mentions-legales\\\/#primaryimage\"},\"image\":{\"@id\":\"https:\\\/\\\/lesbruyeresdecarnac.com\\\/mentions-legales\\\/#primaryimage\"},\"thumbnailUrl\":\"https:\\\/\\\/lesbruyeresdecarnac.com\\\/wp-content\\\/uploads\\\/2023\\\/11\\\/NEW-LOGO-4-PIRATES-e1715868270390.jpg\",\"datePublished\":\"2023-11-22T12:27:35+00:00\",\"dateModified\":\"2025-07-26T17:12:00+00:00\",\"description\":\"Mentions l\u00e9gales - Camping Les Bruy\u00e8res de Carnac 4* dans le Golfe du Morbihan, en Baie de Quiberon, Bretagne Sud, France - Camping Carnac\",\"inLanguage\":\"nl-NL\",\"potentialAction\":[{\"@type\":\"ReadAction\",\"target\":[\"https:\\\/\\\/lesbruyeresdecarnac.com\\\/mentions-legales\\\/\"]}]},{\"@type\":\"ImageObject\",\"inLanguage\":\"nl-NL\",\"@id\":\"https:\\\/\\\/lesbruyeresdecarnac.com\\\/mentions-legales\\\/#primaryimage\",\"url\":\"https:\\\/\\\/lesbruyeresdecarnac.com\\\/wp-content\\\/uploads\\\/2023\\\/11\\\/NEW-LOGO-4-PIRATES-e1715868270390.jpg\",\"contentUrl\":\"https:\\\/\\\/lesbruyeresdecarnac.com\\\/wp-content\\\/uploads\\\/2023\\\/11\\\/NEW-LOGO-4-PIRATES-e1715868270390.jpg\",\"width\":1024,\"height\":1024,\"caption\":\"Retrouvez les Pirates \u00e0 Carnac - Camping Les Bruy\u00e8res de Carnac Baie de Quiberon Morbihan Bretagne Sud France\"},{\"@type\":\"WebSite\",\"@id\":\"https:\\\/\\\/lesbruyeresdecarnac.com\\\/#website\",\"url\":\"https:\\\/\\\/lesbruyeresdecarnac.com\\\/\",\"name\":\"Les Bruyeres de carnac\",\"description\":\"Camping \u00e0 Carnac 4 \u00e9toiles\",\"publisher\":{\"@id\":\"https:\\\/\\\/lesbruyeresdecarnac.com\\\/#organization\"},\"potentialAction\":[{\"@type\":\"SearchAction\",\"target\":{\"@type\":\"EntryPoint\",\"urlTemplate\":\"https:\\\/\\\/lesbruyeresdecarnac.com\\\/?s={search_term_string}\"},\"query-input\":{\"@type\":\"PropertyValueSpecification\",\"valueRequired\":true,\"valueName\":\"search_term_string\"}}],\"inLanguage\":\"nl-NL\"},{\"@type\":\"Organization\",\"@id\":\"https:\\\/\\\/lesbruyeresdecarnac.com\\\/#organization\",\"name\":\"Camping Les Bruy\u00e8res de Carnac\",\"url\":\"https:\\\/\\\/lesbruyeresdecarnac.com\\\/\",\"logo\":{\"@type\":\"ImageObject\",\"inLanguage\":\"nl-NL\",\"@id\":\"https:\\\/\\\/lesbruyeresdecarnac.com\\\/#\\\/schema\\\/logo\\\/image\\\/\",\"url\":\"https:\\\/\\\/lesbruyeresdecarnac.com\\\/wp-content\\\/uploads\\\/2023\\\/11\\\/lesbruyeresblanctete.png\",\"contentUrl\":\"https:\\\/\\\/lesbruyeresdecarnac.com\\\/wp-content\\\/uploads\\\/2023\\\/11\\\/lesbruyeresblanctete.png\",\"width\":12501,\"height\":5910,\"caption\":\"Camping Les Bruy\u00e8res de Carnac\"},\"image\":{\"@id\":\"https:\\\/\\\/lesbruyeresdecarnac.com\\\/#\\\/schema\\\/logo\\\/image\\\/\"},\"sameAs\":[\"https:\\\/\\\/www.facebook.com\\\/Camping.les.Bruyeres.Carnac\",\"https:\\\/\\\/www.instagram.com\\\/campinglesbruyeresdecarnac\\\/\"]}]}<\/script>\n<!-- \/ Yoast SEO plugin. -->","yoast_head_json":{"title":"Mentions l\u00e9gales Camping Les Bruy\u00e8res de Carnac 4*","description":"Mentions l\u00e9gales - Camping Les Bruy\u00e8res de Carnac 4* dans le Golfe du Morbihan, en Baie de Quiberon, Bretagne Sud, France - Camping Carnac","robots":{"index":"index","follow":"follow","max-snippet":"max-snippet:-1","max-image-preview":"max-image-preview:large","max-video-preview":"max-video-preview:-1"},"canonical":"https:\/\/lesbruyeresdecarnac.com\/nl_nl_formal\/juridische-informatie\/","og_locale":"nl_NL","og_type":"article","og_title":"Mentions l\u00e9gales Camping Les Bruy\u00e8res de Carnac 4*","og_description":"Mentions l\u00e9gales - Camping Les Bruy\u00e8res de Carnac 4* dans le Golfe du Morbihan, en Baie de Quiberon, Bretagne Sud, France - Camping Carnac","og_url":"https:\/\/lesbruyeresdecarnac.com\/nl_nl_formal\/juridische-informatie\/","og_site_name":"Les Bruyeres de carnac","article_publisher":"https:\/\/www.facebook.com\/Camping.les.Bruyeres.Carnac","article_modified_time":"2025-07-26T17:12:00+00:00","og_image":[{"width":1024,"height":1024,"url":"https:\/\/lesbruyeresdecarnac.com\/wp-content\/uploads\/2023\/11\/NEW-LOGO-4-PIRATES-e1715868270390.jpg","type":"image\/jpeg"}],"twitter_card":"summary_large_image","twitter_misc":{"Verwachte leestijd":"4 minuten"},"schema":{"@context":"https:\/\/schema.org","@graph":[{"@type":"WebPage","@id":"https:\/\/lesbruyeresdecarnac.com\/mentions-legales\/","url":"https:\/\/lesbruyeresdecarnac.com\/mentions-legales\/","name":"Mentions l\u00e9gales Camping Les Bruy\u00e8res de Carnac 4*","isPartOf":{"@id":"https:\/\/lesbruyeresdecarnac.com\/#website"},"primaryImageOfPage":{"@id":"https:\/\/lesbruyeresdecarnac.com\/mentions-legales\/#primaryimage"},"image":{"@id":"https:\/\/lesbruyeresdecarnac.com\/mentions-legales\/#primaryimage"},"thumbnailUrl":"https:\/\/lesbruyeresdecarnac.com\/wp-content\/uploads\/2023\/11\/NEW-LOGO-4-PIRATES-e1715868270390.jpg","datePublished":"2023-11-22T12:27:35+00:00","dateModified":"2025-07-26T17:12:00+00:00","description":"Mentions l\u00e9gales - Camping Les Bruy\u00e8res de Carnac 4* dans le Golfe du Morbihan, en Baie de Quiberon, Bretagne Sud, France - Camping Carnac","inLanguage":"nl-NL","potentialAction":[{"@type":"ReadAction","target":["https:\/\/lesbruyeresdecarnac.com\/mentions-legales\/"]}]},{"@type":"ImageObject","inLanguage":"nl-NL","@id":"https:\/\/lesbruyeresdecarnac.com\/mentions-legales\/#primaryimage","url":"https:\/\/lesbruyeresdecarnac.com\/wp-content\/uploads\/2023\/11\/NEW-LOGO-4-PIRATES-e1715868270390.jpg","contentUrl":"https:\/\/lesbruyeresdecarnac.com\/wp-content\/uploads\/2023\/11\/NEW-LOGO-4-PIRATES-e1715868270390.jpg","width":1024,"height":1024,"caption":"Retrouvez les Pirates \u00e0 Carnac - Camping Les Bruy\u00e8res de Carnac Baie de Quiberon Morbihan Bretagne Sud France"},{"@type":"WebSite","@id":"https:\/\/lesbruyeresdecarnac.com\/#website","url":"https:\/\/lesbruyeresdecarnac.com\/","name":"Bruyeres de carnac","description":"Camping \u00e0 Carnac 4 \u00e9toiles","publisher":{"@id":"https:\/\/lesbruyeresdecarnac.com\/#organization"},"potentialAction":[{"@type":"SearchAction","target":{"@type":"EntryPoint","urlTemplate":"https:\/\/lesbruyeresdecarnac.com\/?s={search_term_string}"},"query-input":{"@type":"PropertyValueSpecification","valueRequired":true,"valueName":"search_term_string"}}],"inLanguage":"nl-NL"},{"@type":"Organization","@id":"https:\/\/lesbruyeresdecarnac.com\/#organization","name":"Camping Les Bruy\u00e8res de Carnac","url":"https:\/\/lesbruyeresdecarnac.com\/","logo":{"@type":"ImageObject","inLanguage":"nl-NL","@id":"https:\/\/lesbruyeresdecarnac.com\/#\/schema\/logo\/image\/","url":"https:\/\/lesbruyeresdecarnac.com\/wp-content\/uploads\/2023\/11\/lesbruyeresblanctete.png","contentUrl":"https:\/\/lesbruyeresdecarnac.com\/wp-content\/uploads\/2023\/11\/lesbruyeresblanctete.png","width":12501,"height":5910,"caption":"Camping Les Bruy\u00e8res de Carnac"},"image":{"@id":"https:\/\/lesbruyeresdecarnac.com\/#\/schema\/logo\/image\/"},"sameAs":["https:\/\/www.facebook.com\/Camping.les.Bruyeres.Carnac","https:\/\/www.instagram.com\/campinglesbruyeresdecarnac\/"]}]}},"_links":{"self":[{"href":"https:\/\/lesbruyeresdecarnac.com\/nl_nl_formal\/wp-json\/wp\/v2\/pages\/1061","targetHints":{"allow":["GET"]}}],"collection":[{"href":"https:\/\/lesbruyeresdecarnac.com\/nl_nl_formal\/wp-json\/wp\/v2\/pages"}],"about":[{"href":"https:\/\/lesbruyeresdecarnac.com\/nl_nl_formal\/wp-json\/wp\/v2\/types\/page"}],"author":[{"embeddable":true,"href":"https:\/\/lesbruyeresdecarnac.com\/nl_nl_formal\/wp-json\/wp\/v2\/users\/1"}],"replies":[{"embeddable":true,"href":"https:\/\/lesbruyeresdecarnac.com\/nl_nl_formal\/wp-json\/wp\/v2\/comments?post=1061"}],"version-history":[{"count":1,"href":"https:\/\/lesbruyeresdecarnac.com\/nl_nl_formal\/wp-json\/wp\/v2\/pages\/1061\/revisions"}],"predecessor-version":[{"id":3855,"href":"https:\/\/lesbruyeresdecarnac.com\/nl_nl_formal\/wp-json\/wp\/v2\/pages\/1061\/revisions\/3855"}],"wp:featuredmedia":[{"embeddable":true,"href":"https:\/\/lesbruyeresdecarnac.com\/nl_nl_formal\/wp-json\/wp\/v2\/media\/7"}],"wp:attachment":[{"href":"https:\/\/lesbruyeresdecarnac.com\/nl_nl_formal\/wp-json\/wp\/v2\/media?parent=1061"}],"wp:term":[{"taxonomy":"category","embeddable":true,"href":"https:\/\/lesbruyeresdecarnac.com\/nl_nl_formal\/wp-json\/wp\/v2\/categories?post=1061"},{"taxonomy":"post_tag","embeddable":true,"href":"https:\/\/lesbruyeresdecarnac.com\/nl_nl_formal\/wp-json\/wp\/v2\/tags?post=1061"}],"curies":[{"name":"wp","href":"https:\/\/api.w.org\/{rel}","templated":true}]}}